ppose 5*x - 3*h + 7*h = 284, -x + 60 = k*h. Let p = 59 - x. Let j(z) = z**2 - 3*z - 3. Give j(p).
-3
Let j(o) = 2*o + 1. Let w be j(2). Suppose -7*q = -w*q - 8. Let c(x) be the first derivative of -x**2/2 + 2*x - 84. What is c(q)?
-2
Let n be ((-5)/(-2) + -2)*(2 + -2). Let l be 903/39 + n + 4/(-26). Let m = l + -29. Let j(t) = -t**3 - 7*t**2 - 5*t. Determine j(m).
-6
Let q be 3 - 4 - (-3 - 23). Let p = q + -19. Let f(n) = 14*n**2 + 29*n + 46. Let i(z) = -5*z**2 - 10*z - 16. Let x(w) = 6*f(w) + 17*i(w). What is x(p)?
-8
Let h = -5 + 15. Let z(a) = 3 + 10*a + 5*a + 3*a - h*a. Give z(3).
27
Let x(b) = -10*b**3 - 3*b**2 + 6*b + 7. Let a be x(-1). Suppose 0 = -3*o + 4*o - 10. Let i(q) = -2*q - 3*q + 2*q - o + 4*q. What is i(a)?
-2
Suppose 2*c = 4 - 4. Suppose c = -2*k + k + 4. Let j(d) = -2 + k*d**2 + d - 2*d**2 - 45*d**3 + 46*d**3. Give j(-2).
-4
Let x(c) = 16*c + 22. Let i be (1505/(-91) - 42/91) + 11. What is x(i)?
-74
Let t(k) = 4*k**2 - 10*k - 16. Let g be t(4). Let u(j) = 3*j + 4. Let s(f) = 4*f + 9. Let v(x) = -3*s(x) + 5*u(x). Give v(g).
17
Let m(h) = -h**3 - 5*h**2 - h + 4. Let d = -157 + 155. Let x be 57/(-15) + 0 - d/(-10). Calculate m(x).
-8
Let j(h) = h**3 + 2*h + 1. Let s = -62 - -106. Let d = s - 44. Give j(d).
1
Let v be (-405)/(-90) + 3/(-2). Let u(o) = -5*o**3 - 8*o**3 - 5*o**2 - 11*o**v + 25*o**3. What is u(5)?
0
Let y(k) = -k**2 - 11*k + k**3 + 0*k**2 + 16447 - 16430. What is y(4)?
21
Let r(y) = 4*y + 14. Let h(x) = 6*x + 27. Let l(w) = w + 5. Let z(g) = 2*h(g) - 11*l(g). Let o(i) = -r(i) + 3*z(i). Calculate o(-11).
-6
Let i(g) = -3 - 1 + 0*g + 5 + 2*g. Let n = -94 - -118. Suppose 0 = -6*s + 10*s - n. Calculate i(s).
13
Let l(f) be the first derivative of 5*f**2 - 10*f + 2404. Calculate l(3).
20
Let l be ((-43)/(2838/(-704)))/((-2)/(-6)). Let v(t) = -t**3 + 32*t**2 + 19. Give v(l).
19
Let j = 35 - 23. Suppose -4*h + j = -h. Let n(r) = 9*r**2 + 3*r - 7. Let q(m) = -5*m**2 - m + 4. Let a(z) = h*n(z) + 7*q(z). Determine a(-7).
14
Let g = 172 + -173. Let u be g/((-42)/12 - -4). Let j(b) = 4*b - 2. Determine j(u).
-10
Let a(u) = u**2 + 9*u + 10. Let m be a(-8). Suppose -4*r = m*r - 18. Suppose -11*h - r - 19 = 0. Let f(g) = 2*g**2 - 3*g - 1. Determine f(h).
13
Let x(n) = 6*n**2 + 109*n - 56. Let o(g) = 5*g**2 + 90*g - 55. Let q(a) = 7*o(a) - 6*x(a). What is q(-22)?
-5
Let y = -41 - -15. Suppose -4*j - 187 = -55. Let d = y - j. Let h(a) = a - 8. What is h(d)?
-1
Let o(v) be the first derivative of v**3/3 - 7*v**2/2 - 21*v + 35560. Let u(f) = f**3 + f + 9. Let b be u(0). Calculate o(b).
-3
Let o(q) = -2*q - 3. Let z(u) = -u**3 - 6*u**2 + 25*u + 122. Let c be z(-7). Let g be (-26 + 28)*10/c. Determine o(g).
7
Let g(r) be the third derivative of -r**4 - r**3/6 - 2*r**2 - 59. Let q be (-4 + 10)*(-1 - (-7)/6). Calculate g(q).
-25
Let q(v) = -16*v**2 - 8*v + 2. Let t(z) = -29*z**2 - 17*z + 5. Let i(f) = 7*q(f) - 4*t(f). Calculate i(-5).
34
Let w(p) = 21*p + 0*p**3 + 30 + p**3 + 16*p**2 - p. Let a be w(-15). Let l = a + 39. Let x(q) = q**3 + 6*q**2 + 2*q - 1. Give x(l).
-13
Let l(t) = 2*t - 5. Suppose -5*z + 10*z - a = 283, 0 = -2*z - a + 116. Suppose 2*u + 163 = z. Let f = 58 + u. Give l(f).
5
Let l(a) = -8*a - 5. Let r(k) = k**3 + 22*k**2 + 43*k + 3. Let z be r(-2). Determine l(z).
19
Let t(b) = b**2 - 2*b + 3. Suppose -11*w - 36 = -784. Suppose -19*j = -11 + w. What is t(j)?
18
Let y(k) = 5*k**3 - 6*k**3 + 0*k**3 - 1 - 5*k**2 - 5 - k**2. Let d(u) = 15*u**2 - 2*u - 2. Let c be d(-1). Suppose -2*n + 3 = c. Calculate y(n).
-6
Let j(h) = h**3 - h**2 + h + 6. Let f(s) = -s**3 - 7. Suppose d + 2 = -0*d. Let i(x) = d*f(x) - 3*j(x). Let o(g) = -20*g - 157. Let y be o(-8). Determine i(y).
-13
Let o(w) = -w**2 + w + 2. Let b(l) = -2*l**2 - 13*l - 6. Let p be b(-5). Suppose 0 = -3*d - 0*d - 6*n - p, -5*n - 10 = 2*d. What is o(d)?
-18
Let d(w) = 11*w**3 - w**2 - w + 1. Let a = 74 + -90. Let q be (1 + -4 - -1) + a. Let z = -17 - q. Give d(z).
10
Let s(j) = -3*j + j - 12 + 0 + 13. Let v = 107 - 109. Calculate s(v).
5
Suppose -4*z - 78 = -4*z + 13*z. Let u(l) = l + 2. Determine u(z).
-4
Let j(z) be the second derivative of z**3 - 3*z**2/2 + 3*z. Let a be j(1). Let k(d) = 0*d**3 - a*d**3 + d + 21*d**2 - 19*d**2. Determine k(2).
-14
Let m(h) = -h**2 - 26*h - 79. Suppose 38 = -2*x - s - 8, 0 = -x + 4*s - 23. Give m(x).
-10
Let q(x) = -x**2 - 3*x - 4. Let j(f) = f**2 + 13*f + 8. Suppose 3*a + 21 = -0*i - 3*i, -i + 3*a - 27 = 0. Let s be j(i). Give q(s).
-8
Let y be (-6)/7 - ((-930)/63 - (-18)/(-189)). Let s(v) = -v + 9. Calculate s(y).
-5
Let j(k) = k + 1. Suppose 10*q - 3 = 13*q. Let w be (((-2)/(-4)*0)/q)/(-2). Calculate j(w).
1
Let f(m) = -m**3 + 8*m**2 - 15*m + 12. Suppose 4*x = 2*b, 2*x - 33 = -3*b - 3*x. Let n be f(b). Let q(g) = -g**3 - 7*g**2 - 7*g - 7. Give q(n).
-1
Let w(t) = -9*t + 5. Let x(u) = 2*u. Let h(n) = w(n) + 6*x(n). Give h(-3).
-4
Let h(n) = n**3 + 9*n**2 + 4*n - 26. Let f be 0 - 3 - (-100 - 2)/(-2). Let g = 46 + f. Let q be h(g). Let u(m) = m**2 - 8*m + 8. Determine u(q).
-4
Let j = 14438 - 14437. Let v(p) = -2*p**2 + 7*p - 8. Give v(j).
-3
Let f(t) = 38*t**2 - 23*t**2 - 25*t**2 + 188 - 191. Give f(-3).
-93
Let o(w) = -2*w**3 - 3*w**2 + 4*w. Suppose 11*y = 5*y + 24. Suppose -15*i = -y*i + 66. Let a be (i/4)/((-5)/(-10)). What is o(a)?
15
Let b = -47 + 26. Let p = b + 23. Let h(r) be the first derivative of -5*r**2/2 - r + 29. Calculate h(p).
-11
Suppose -4 - 123 = 17*t + 179. Let g(p) = -p**3 - 17*p**2 + 21*p - 18. Calculate g(t).
-72
Let l(n) be the third derivative of n**5/15 - 354*n**2 + 2*n. Suppose -2*w + 4*t - 14 = 0, 2*w + 5 - 15 = -4*t. What is l(w)?
4
Let z(w) = w**2 - 15*w + 20. Let t be z(14). Let n(p) = -23*p**2 + t*p + 0*p**3 + 30*p**2 + p**3. Determine n(-6).
0
Suppose -5*h = n - 110, -4*n + 8 = 28. Suppose -v + 5*r = -3, 19 = 2*r + h. Let y(p) = p**3 + 8*p**2 + 7*p + 5. Calculate y(v).
5
Suppose -10*r = -2122 + 132. Let n = 191 - r. Let b(j) = 3*j - 12*j - 2*j**3 + 7*j**2 - 2 + 3*j**3. Give b(n).
6
Let f(l) = -21*l + 220. Let d(i) = -4*i**3 - 701*i**2 + 525*i - 517. Let y be d(-176). What is f(y)?
-11
Suppose -11 = 58*p - 69*p. Let j(b) be the second derivative of -3*b**5/5 + b**4/6 - b**3/6 + 122*b. Calculate j(p).
-11
Let m(k) be the first derivative of k**4/12 + 13*k**3/6 - 5*k**2/2 - 32*k - 76. Let u(l) be the first derivative of m(l). Determine u(-13).
-5
Let q(z) = 3*z - 4 + 2 + 6 + 1 + z**2. Suppose -12*g - g = -5655. Let j = g + -439. Calculate q(j).
9
Let u(v) be the first derivative of 43 + 3*v - 1/2*v**2. Calculate u(5).
-2
Let u be 3/(-27)*-12 + 494/39. Let n(q) = 3*q - 48. Determine n(u).
-6
Let o(f) = f**2 - 4. Let r be o(3). Let b(c) = r + 10*c - 6 - 3*c. Let k(n) = 15*n + 46. Let d be k(-3). What is b(d)?
6
Let x(h) = -5*h**2 - 14*h + 4. Suppose 21*d + 954 = 891. Give x(d).
1
Suppose 5*m - 3*j = -34, 4*m + 16 = -1069*j + 1073*j. Let t(c) = 7*c + 65. Determine t(m).
-12
Let v(l) = -14*l**3 + 62*l**2 + 11*l - 41. Let x(o) = -5*o**3 + 22*o**2 + 4*o - 14. Let c(d) = -4*v(d) + 11*x(d). What is c(6)?
10
Let s = -3 + 7. Suppose 5*c - s + 19 = 0, -2*l = 2*c - 2. Let d be 8 - (1 - (l + -7)). Let q(m) = -m + 3. Give q(d).
-1
Suppose 29 = 5*i - 2*w, 4*i - 28 = 136*w - 132*w. Let f(j) = j**2 - 6*j. Give f(i).
-5
Let p(k) = 7*k - 4. Let z be -530 + ((-33)/(-66))/((-2)/(-24)). Let s = z + 526. Give p(s).
10
Let i(u) = -7*u**2 + 2*u + 4. Let f(s) = -6*s**2 + s + 3. Let k(b) = -6*f(b) + 5*i(b). Let a = -36 + -3. Let z = a - -36. Determine k(z).
-1
Let g(d) = -86*d - 676. Let v be g(-8). Let k(f) = -f + 6. What is k(v)?
-6
Let m(h) = -h**3 + 6*h**2 + 4*h - 9. Let x be (8160/(-72))/(-1 + (-2)/(-3)). Let g = x - 334. Calculate m(g).
15
Let f(b) = 3*b**2 - 100*b - 942. Let d be f(41). Let q(o) be the first derivative of -15*o**4/4 + 2*o**3/3 - o**2 + o - 1. Determine q(d).
-14
Let n(d) = d**3 + 6*d**2 + 4*d - 1. Let y be n(-5). Let c be 7/(-7)*(-15)/3 + -4. Let f(z) = -5*z**2 - 232*z + 464*z + z**3 - c - 228*z. Calculate f(y).
-1
Let s(a) = -a**3 + a**2 - 1. Let z(u) = 3*u**3 + 7*u - 313 + 319 + 4*u**3 + 2*u**2. Let y(d) = -6*s(d) - z(d). Let w(v) = -v - 7. Let b be w(0). Determine y(b).
0
Let a(o) = -9*o - 4. Let m = 231 + -228. Let t(h) = 8*h + 5. Let p(x) = m*t(x) + 4*a(x). Give p(1).
-13
Let c(o) be the first deriva